{"id":46,"date":"2018-12-31T11:51:09","date_gmt":"2018-12-31T10:51:09","guid":{"rendered":"https:\/\/www.mediterrane-pflanzen.eu\/WPMP\/wordpress\/?page_id=46"},"modified":"2020-06-24T16:25:46","modified_gmt":"2020-06-24T14:25:46","slug":"agb-widerrufsrecht","status":"publish","type":"page","link":"https:\/\/www.mediterrane-pflanzen.eu\/index.php\/agb-widerrufsrecht\/","title":{"rendered":"AGB &#038; Widerrufsrecht"},"content":{"rendered":"\n<h4 class=\"wp-block-heading\">Allgemeine Gesch\u00e4ftsbedingungen<\/h4>\n\n\n\n<p><br><a href=\"http:\/\/www.deutsche-anwaltshotline.de\/recht-auf-ihrer-website\/agb-generator\">AGB erstellt<\/a>&nbsp;\u00fcber den Generator der Deutschen Anwaltshotline AG<\/p>\n\n\n\n<h4 class=\"wp-block-heading\">Vertragspartner<\/h4>\n\n\n\n<p>Auf Grundlage dieser Allgemeinen Gesch\u00e4ftsbedingungen (AGB) kommt zwischen dem Kunden und<br>Mediterrane Pflanzen.eu GmbH<br>Vertreten durch Thomas, Bolte <br>Parkallee 227<br>28213 Bremen<br>Tel: +49 170 293 90 46<br>E-Mail-Adresse: tbolte@mediterrane-pflanzen.eu<br>Umsatzsteuer-Identifikationsnummer: DE285198904,<br>nachfolgend Anbieter genannt, der Vertrag zustande.<\/p>\n\n\n\n<h4 class=\"wp-block-heading\">Vertragsgegenstand<\/h4>\n\n\n\n<p>Durch diesen Vertrag wird der Verkauf von Neuwaren und Dienstleistungen aus dem Bereich\/den Bereichen Mediterrane Pflanzen, Landschaftsbau, Gartenanlagen f\u00fcr die Gastronomie und Hotels \u00fcber den Online-Shop des Anbieters geregelt. Wegen der Details des jeweiligen Angebotes wird auf die Produktbeschreibung der Angebotsseite verwiesen.<\/p>\n\n\n\n<h4 class=\"wp-block-heading\">Vertragsschluss<\/h4>\n\n\n\n<p>Der Vertrag kommt im elektronischen Gesch\u00e4ftsverkehr \u00fcber das Shop-System oder \u00fcber andere Fernkommunikationsmittel wie Telefon und E-Mail zustande. Dabei stellen die dargestellten Angebote eine unverbindliche Aufforderung zur Abgabe eines Angebots durch die Kundenbestellung dar, das der Anbieter dann annehmen kann.<\/p>\n\n\n\n<p>Der Bestellvorgang zum Vertragsschluss umfasst im Shop-System folgende Schritte:<\/p>\n\n\n\n<ul class=\"wp-block-list\"><li>Auswahl der Produkte im Online Shop und Wahl in den Warenkorb<\/li><li>Warenkorb Kontrolle und Best\u00e4tigung um den Bestellvorgang fortzusetzen<\/li><li>Angabe von pers\u00f6nlichen Daten und Kontaktinformationen<\/li><li>Wahl einer Lieferungsart und Zahlungsmethode (Vorkasse, Rechnung, Barzahlung bei Abholung)<\/li><\/ul>\n\n\n\n<p>Bestellungen k\u00f6nnen neben dem Shop-System auch \u00fcber Fernkommunikationsmittel (Telefon\/E-Mail) aufgegeben werden, wodurch der Bestellvorgang zum Vertragsschluss folgende Schritte umfasst:<\/p>\n\n\n\n<ul class=\"wp-block-list\"><li>Auswahl der Produkte entweder aus dem Online Shop oder bei Besuch unserer Lagersfl\u00e4che in Bremen<\/li><li>Schriftliche Best\u00e4tigung der zum Kauf ausgew\u00e4hlten Produkte per Mail oder vor Ort<\/li><li>Bezahlung durch Rechnung, Vorkasse oder Barzahlung<\/li><\/ul>\n\n\n\n<p><br>Mit der Zusendung einer Auftragsbest\u00e4tigung kommt der Vertrag zustande. Die automatisch erstellte und versandte Bestellbest\u00e4tigung stellt keine entsprechende rechtsverbindliche Erkl\u00e4rung dar. Der Vertrag kommt auch durch die Zusendung der Ware oder Erbringung der Dienstleistung zustande.<\/p>\n\n\n\n<h4 class=\"wp-block-heading\">Vertragsdauer<\/h4>\n\n\n\n<p>Der Vertrag wird auf unbestimmte Zeit geschlossen.<\/p>\n\n\n\n<h4 class=\"wp-block-heading\">Vorbehalte<\/h4>\n\n\n\n<p>Der Anbieter beh\u00e4lt sich vor, eine in Qualit\u00e4t und Preis gleichwertige Leistung zu erbringen. Die im Shop dargestellte Leistung ist beispielhaft und nicht die individuelle, vertragsgegenst\u00e4ndliche Leistung. Der Anbieter beh\u00e4lt sich vor, im Falle der Nichtverf\u00fcgbarkeit der versprochenen Leistung diese nicht zu erbringen.<\/p>\n\n\n\n<h4 class=\"wp-block-heading\">Preise, Versandkosten, R\u00fccksendekosten<\/h4>\n\n\n\n<p>Alle Preise sind Endpreise und enthalten die gesetzliche Umsatzsteuer. Neben den Endpreisen fallen je nach Versandart weitere Kosten an, die vor Versendung der Bestellung angezeigt werden. F\u00fcr eine Bestellung ab einem Betrag von 2000 \u20ac werden keine Versandkosten erhoben. Besteht ein Widerrufsrecht und wird von diesem Gebrauch gemacht, tr\u00e4gt der Kunde die Kosten der R\u00fccksendung.<\/p>\n\n\n\n<h4 class=\"wp-block-heading\">Zahlungsbedingungen<\/h4>\n\n\n\n<p>Der Kunde hat ausschlie\u00dflich folgende M\u00f6glichkeiten zur Zahlung: Vorab\u00fcberweisung, Lastschrifteinzug, Barzahlung bei Abholung . Weitere Zahlungsarten werden nicht angeboten und werden zur\u00fcckgewiesen.<br>Der Rechnungsbetrag ist nach Zugang der Rechnung, die alle Angaben f\u00fcr die \u00dcberweisung enth\u00e4lt und mit E-Mail verschickt wird, auf das dort angegebene Konto vorab zu \u00fcberweisen. Der Rechnungsbetrag wird vom Anbieter mittels Lastschriftverfahren auf Grundlage der Einzugserm\u00e4chtigung durch den Kunden von dessen angegebenem Konto eingezogen. Der Rechnungsbetrag kann auch unter Abzug der in Ansatz gebrachten Versandkosten in den Gesch\u00e4ftsr\u00e4umen des Anbieters zu den \u00fcblichen B\u00fcrozeiten in bar gezahlt werden.<br>Der Kunde ist verpflichtet innerhalb von 14 Tagen nach Erhalt der Rechnung den ausgewiesenen Betrag auf das auf der Rechnung angegebene Konto einzuzahlen oder zu \u00fcberweisen.<br><br>Die Zahlung ist ab Rechnungsdatum ohne Abzug f\u00e4llig. Der Kunde kommt erst nach Mahnung in Verzug.<br><br>Ein Zur\u00fcckbehaltungsrecht des Kunden, welches nicht auf demselben Vertragsverh\u00e4ltnis beruht, wird ausgeschlossen.<br><br>Die Aufrechnung mit Forderungen des Kunden ist ausgeschlossen, es sei denn diese sind unbestritten oder rechtskr\u00e4ftig festgestellt.<\/p>\n\n\n\n<h4 class=\"wp-block-heading\">Lieferbedingungen<\/h4>\n\n\n\n<p>Die Ware wird umgehend nach best\u00e4tigtem Zahlungseingang versandt.<br>Der Versand erfolgt durchschnittlich sp\u00e4testens nach 3 Tagen. Der Unternehmer verpflichtet sich zur Lieferung am 14. Tag nach best\u00e4tigtem Zahlungseingang.<br>Die Regellieferzeit betr\u00e4gt 5 Tage, wenn in der Artikelbeschreibung nichts anderes angegeben ist.<br>Der Anbieter versendet die Bestellung aus eigenem Lager, sobald die gesamte Bestellung dort vorr\u00e4tig ist.<br>Der Kunde wird \u00fcber Verz\u00f6gerungen umgehend informiert.<br><br>Hat der Anbieter ein dauerhaftes Lieferhindernis, insbesondere h\u00f6here Gewalt oder Nichtbelieferung durch eigenen Lieferanten, obwohl rechtzeitig ein entsprechendes Deckungsgesch\u00e4ft get\u00e4tigt wurde, nicht zu vertreten, so hat der Anbieter das Recht, insoweit von einem Vertrag mit dem Kunden zur\u00fcckzutreten. Der Kunde wird dar\u00fcber unverz\u00fcglich informiert und empfangene Leistungen, insbesondere Zahlungen, zur\u00fcckerstattet.<\/p>\n\n\n\n<h4 class=\"wp-block-heading\">Vertragsgestaltung<\/h4>\n\n\n\n<p>Der Vertragstext wird vom Anbieter gespeichert.<br>Der Kunde hat keine M\u00f6glichkeit selbst direkt auf den gespeicherten Vertragstext zuzugreifen.<\/p>\n\n\n\n<h4 class=\"wp-block-heading\">Widerrufsrecht und Kundendienst<\/h4>\n\n\n\n<p><strong>Widerrufsbelehrung<br><br>Widerrufsrecht<br><br>Sie haben das Recht, binnen vierzehn Tagen ohne Angabe von Gr\u00fcnden diesen Vertrag zu widerrufen.<br><br>Die Widerrufsfrist betr\u00e4gt vierzehn Tage ab dem Tag,<\/strong><\/p>\n\n\n\n<ul class=\"wp-block-list\"><li><strong>Im Falle eines Kaufvertrags: an dem Sie oder ein von Ihnen benannter Dritter, der nicht der Bef\u00f6rderer ist, die letzte Ware in Besitz genommen haben bzw. hat.<\/strong><\/li><li><strong>Im Falle eines Vertrags \u00fcber mehrere Waren, die der Verbraucher im Rahmen einer einheitlichen Bestellung bestellt hat und die getrennt geliefert werden: an dem Sie oder ein von Ihnen benannter Dritter, der nicht Bef\u00f6rderer ist, die letzte Ware in Besitz genommen haben bzw. hat.<\/strong><\/li><li><strong>Im Falle eines Vertrags \u00fcber die Lieferung einer Ware in mehreren Teilsendungen oder St\u00fccken: an dem Sie oder ein von Ihnen benannter Dritter, der nicht Bef\u00f6rderer ist, die letzte Teilsendung oder das letzte St\u00fcck in Besitz genommen haben bzw. hat.<\/strong><\/li><li><strong>Im Falle eines Vertrages zur regelm\u00e4\u00dfigen Lieferung von Waren \u00fcber einen festgelegten Zeitraum hinweg: an dem Sie oder ein von Ihnen benannter Dritter, der nicht Bef\u00f6rderer ist, die erste Ware in Besitz genommen haben bzw. hat.<\/strong><\/li><\/ul>\n\n\n\n<p><strong>Beim Zusammentreffen mehrerer Alternativen ist der jeweils letzte Zeitpunkt ma\u00dfgeblich.<br><br>Um Ihr Widerrufsrecht auszu\u00fcben, m\u00fcssen Sie uns (Mediterrane Pflanzen.eu GmbH, Thomas Bolte, Parkallee 227, 28213 Bremen info@mediterrane-pflanzen.eu) mittels einer eindeutigen Erkl\u00e4rung (z.B. ein mit der Post versandter Brief, Telefax, oder E-Mail) \u00fcber Ihren Entschluss, diesen Vertrag zu widerrufen, informieren. Sie k\u00f6nnen daf\u00fcr das beigef\u00fcgte Muster-Widerrufsformular verwenden, das jedoch nicht vorgeschrieben ist.<br><br>Zur Wahrung der Widerrufsfrist reicht es aus, dass Sie die Mitteilung \u00fcber die Aus\u00fcbung des Widerrufsrechts vor Ablauf der Widerrufsfrist absenden.<br><br>Folgen des Widerrufs<br><br>Wenn Sie diesen Vertrag widerrufen, haben wir Ihnen alle Zahlungen, die wir von Ihnen erhalten haben, einschlie\u00dflich der Lieferkosten (mit Ausnahmen der zus\u00e4tzlichen Kosten, die sich daraus ergeben, dass Sie einer andere Art der Lieferung als die von uns angebotene, g\u00fcnstige Standardlieferung gew\u00e4hlt haben), unverz\u00fcglich und sp\u00e4testens binnen vierzehn Tagen ab dem Tag zur\u00fcckzuzahlen, an dem die Mitteilung \u00fcber Ihren Widerruf dieses Vertrags bei uns eingegangen ist. F\u00fcr diese R\u00fcckzahlung verwenden wir dasselbe Zahlungsmittel, das Sie bei der urspr\u00fcnglichen Transaktion eingesetzt haben, es sei denn, mit Ihnen wurde ausdr\u00fccklich etwas anderes vereinbart; in keinem Fall werden Ihnen wegen dieser R\u00fcckzahlung Entgelte berechnet. Wir k\u00f6nnen die R\u00fcckzahlung verweigern, bis wir die Waren wieder zur\u00fcckerhalten haben oder bis Sie den Nachweis erbracht haben, dass Sie die Waren zur\u00fcckgesandt haben, je nachdem, welches der fr\u00fchere Zeitpunkt ist.<br><br>Sie haben die Waren unverz\u00fcglich und in jedem Fall sp\u00e4testens binnen vierzehn Tagen ab dem Tag, an dem Sie uns \u00fcber den Widerruf dieses Vertrags unterrichten, an Mediterrane Pflanzen.eu GmbH, Thomas Bolte, Scipiostra\u00dfe 5a, 28279 Bremen info@mediterrane-pflanzen.eu uns zur\u00fcckzusenden oder zu \u00fcbergeben. Die Frist ist gewahrt, wenn Sie die Waren vor Ablauf der Frist von vierzehn Tagen absenden.<br><br>Sie tragen die unmittelbaren Kosten der R\u00fccksendung der Waren.<br><br>Sie m\u00fcssen f\u00fcr einen etwaigen Wertverlust der Waren nur aufkommen, wenn dieser Wertverlust auf einen zur Pr\u00fcfung der Beschaffenheit, Eigenschaften und Funktionsweise der Waren nicht notwendigen Umgang mit ihnen zur\u00fcckzuf\u00fchren ist.<br><br>Ende der Widerrufsbelehrung<\/strong><\/p>\n\n\n\n<h4 class=\"wp-block-heading\">Haftungsausschluss<\/h4>\n\n\n\n<p>Schadensersatzanspr\u00fcche des Kunden sind ausgeschlossen, soweit sich aus den nachfolgenden Gr\u00fcnden nicht etwas anderes ergibt. Dies gilt auch f\u00fcr den Vertreter und Erf\u00fcllungsgehilfen des Anbieters, falls der Kunde gegen diese Anspr\u00fcche auf Schadensersatz erhebt. Ausgenommen sind Schadensersatzanspr\u00fcche des Kunden wegen Verletzung des Lebens, des K\u00f6rpers, der Gesundheit oder wesentlicher Vertragspflichten, welche zur Erreichung des Vertragszieles notwendigerweise erf\u00fcllt werden m\u00fcssen. Ebenso gilt dies nicht f\u00fcr Schadensersatzanspr\u00fcche nach grob fahrl\u00e4ssiger oder vors\u00e4tzlicher Pflichtverletzung des Anbieters oder seines gesetzlichen Vertreters oder Erf\u00fcllungsgehilfen.<\/p>\n\n\n\n<h4 class=\"wp-block-heading\">Abtretungs- und Verpf\u00e4ndungsverbot<\/h4>\n\n\n\n<p>Anspr\u00fcche oder Rechte des Kunden gegen den Anbieter d\u00fcrfen ohne dessen Zustimmung nicht abgetreten oder verpf\u00e4ndet werden, es sei denn der Kunde hat ein berechtigtes Interesse an der Abtretung oder Verpf\u00e4ndung nachgewiesen.<\/p>\n\n\n\n<h4 class=\"wp-block-heading\">Sprache, Gerichtsstand und anzuwendendes Recht<\/h4>\n\n\n\n<p>Der Vertrag wird in Deutsch abgefasst. Die weitere Durchf\u00fchrung der Vertragsbeziehung erfolgt in Deutsch. Es findet ausschlie\u00dflich das Recht der Bundesrepublik Deutschland Anwendung. F\u00fcr Verbraucher gilt dies nur insoweit, als dadurch keine gesetzlichen Bestimmungen des Staates eingeschr\u00e4nkt werden, in dem der Kunde seinen Wohnsitz oder gew\u00f6hnlichen Aufenthalt hat.<\/p>\n\n\n\n<h4 class=\"wp-block-heading\">Datenschutz<\/h4>\n\n\n\n<p>Im Zusammenhang mit der Anbahnung, Abschluss, Abwicklung und R\u00fcckabwicklung eines Kaufvertrages auf Grundlage dieser AGB werden vom Anbieter Daten erhoben, gespeichert und verarbeitet. Dies geschieht im Rahmen der gesetzlichen Bestimmungen. Der Anbieter gibt keine personenbezogenen Daten des Kunden an Dritte weiter, es sei denn, dass er hierzu gesetzlich verpflichtet w\u00e4re oder der Kunde vorher ausdr\u00fccklich eingewilligt hat. Wird ein Dritter f\u00fcr Dienstleistungen im Zusammenhang mit der Abwicklung von Verarbeitungsprozessen eingesetzt, so werden die Bestimmungen des Bundesdatenschutzgesetzes eingehalten. Die vom Kunden im Wege der Bestellung mitgeteilten Daten werden ausschlie\u00dflich zur Kontaktaufnahme innerhalb des Rahmens der Vertragsabwicklung und nur zu dem Zweck verarbeitet, zu dem der Kunde die Daten zur Verf\u00fcgung gestellt hat. Die Daten werden nur soweit notwendig an das Versandunternehmen, das die Lieferung der Ware auftragsgem\u00e4\u00df \u00fcbernimmt, weitergegeben. Die Zahlungsdaten werden an das mit der Zahlung beauftragte Kreditinstitut weitergegeben. Soweit den Anbieter Aufbewahrungsfristen handels- oder steuerrechtlicher Natur treffen, kann die Speicherung einiger Daten bis zu zehn Jahre dauern. W\u00e4hrend des Besuchs im Internet-Shop des Anbieters werden anonymisierte Daten, die keine R\u00fcckschl\u00fcssen auf personenbezogene Daten zulassen und auch nicht beabsichtigen, insbesondere IP-Adresse, Datum, Uhrzeit, Browsertyp, Betriebssystem und besuchte Seiten, protokolliert. Auf Wunsch des Kunden werden im Rahmen der gesetzlichen Bestimmungen die personenbezogenen Daten gel\u00f6scht, korrigiert oder gesperrt. Eine unentgeltliche Auskunft \u00fcber alle personenbezogenen Daten des Kunden ist m\u00f6glich. F\u00fcr Fragen und Antr\u00e4ge auf L\u00f6schung, Korrektur oder Sperrung personenbezogener Daten sowie Erhebung, Verarbeitung und Nutzung kann sich der Kunde an folgende Adresse wenden:<br>Mediterrane Pflanzen.eu GmbH, Thomas Bolte Scipiostra\u00dfe 5a, 28279 Bremen, +49 170 293 90 46, info@mediterrane-pflanzen.eu.<\/p>\n\n\n\n<h4 class=\"wp-block-heading\">Salvatorische Klausel<\/h4>\n\n\n\n<p>Die Unwirksamkeit einer Bestimmung dieser AGB hat keine Auswirkungen auf die Wirksamkeit der sonstigen Bestimmungen.<\/p>\n\n\n\n<h4 class=\"wp-block-heading\">Umsetzung der ODR-Richtlinie<\/h4>\n\n\n\n<p><strong>Online-Streitbeilegung gem\u00e4\u00df Art. 14 Abs. 1 ODR-VO<\/strong><br>Die Europ\u00e4ische Kommission stellt eine Plattform zur Online-Streitbeilegung (OS) bereit, die Sie unter&nbsp;<a href=\"http:\/\/ec.europa.eu\/consumers\/odr\/\">http:\/\/ec.europa.eu\/consumers\/odr\/<\/a>&nbsp;finden.Hinweis nach \u00a7 36 Abs. 1 Nr. 2 VSBG: Wir weisen Sie darauf hin, dass wir f\u00fcr eine Teilnahme an Streitbeilegungsverfahren vor einer Verbraucherschlichtungsstelle nicht zur Verf\u00fcgung stehen.\u201c<\/p>\n","protected":false},"excerpt":{"rendered":"<p>Allgemeine Gesch\u00e4ftsbedingungen AGB erstellt&nbsp;\u00fcber den Generator der Deutschen Anwaltshotline AG Vertragspartner Auf Grundlage dieser Allgemeinen Gesch\u00e4ftsbedingungen (AGB) kommt zwischen dem Kunden undMediterrane Pflanzen.eu GmbHVertreten durch Thomas, Bolte Parkallee 22728213 BremenTel: +49 170 293 90 46E-Mail-Adresse: tbolte@mediterrane-pflanzen.euUmsatzsteuer-Identifikationsnummer: DE285198904,nachfolgend Anbieter genannt, der Vertrag zustande. Vertragsgegenstand Durch diesen Vertrag wird der Verkauf von Neuwaren und Dienstleistungen aus dem &hellip;<\/p>\n<p class=\"read-more\"> <a class=\"\" href=\"https:\/\/www.mediterrane-pflanzen.eu\/index.php\/agb-widerrufsrecht\/\"> <span class=\"screen-reader-text\">AGB &#038; Widerrufsrecht<\/span> Weiterlesen &raquo;<\/a><\/p>\n","protected":false},"author":1,"featured_media":0,"parent":0,"menu_order":0,"comment_status":"closed","ping_status":"closed","template":"","meta":{"site-sidebar-layout":"default","site-content-layout":"default","ast-global-header-display":"","ast-main-header-display":"","ast-hfb-above-header-display":"","ast-hfb-below-header-display":"","ast-hfb-mobile-header-display":"","site-post-title":"","ast-breadcrumbs-content":"","ast-featured-img":"","footer-sml-layout":"","theme-transparent-header-meta":"","adv-header-id-meta":"","stick-header-meta":"","header-above-stick-meta":"","header-main-stick-meta":"","header-below-stick-meta":"","footnotes":""},"class_list":["post-46","page","type-page","status-publish","hentry"],"_links":{"self":[{"href":"https:\/\/www.mediterrane-pflanzen.eu\/index.php\/wp-json\/wp\/v2\/pages\/46","targetHints":{"allow":["GET"]}}],"collection":[{"href":"https:\/\/www.mediterrane-pflanzen.eu\/index.php\/wp-json\/wp\/v2\/pages"}],"about":[{"href":"https:\/\/www.mediterrane-pflanzen.eu\/index.php\/wp-json\/wp\/v2\/types\/page"}],"author":[{"embeddable":true,"href":"https:\/\/www.mediterrane-pflanzen.eu\/index.php\/wp-json\/wp\/v2\/users\/1"}],"replies":[{"embeddable":true,"href":"https:\/\/www.mediterrane-pflanzen.eu\/index.php\/wp-json\/wp\/v2\/comments?post=46"}],"version-history":[{"count":10,"href":"https:\/\/www.mediterrane-pflanzen.eu\/index.php\/wp-json\/wp\/v2\/pages\/46\/revisions"}],"predecessor-version":[{"id":812,"href":"https:\/\/www.mediterrane-pflanzen.eu\/index.php\/wp-json\/wp\/v2\/pages\/46\/revisions\/812"}],"wp:attachment":[{"href":"https:\/\/www.mediterrane-pflanzen.eu\/index.php\/wp-json\/wp\/v2\/media?parent=46"}],"curies":[{"name":"wp","href":"https:\/\/api.w.org\/{rel}","templated":true}]}}