{"id":138,"date":"2019-01-06T21:24:18","date_gmt":"2019-01-06T20:24:18","guid":{"rendered":"https:\/\/www.mediterrane-pflanzen.eu\/WPMP\/wordpress\/?page_id=138"},"modified":"2019-01-13T20:57:55","modified_gmt":"2019-01-13T19:57:55","slug":"privatgaerten","status":"publish","type":"page","link":"https:\/\/www.mediterrane-pflanzen.eu\/index.php\/privatgaerten\/","title":{"rendered":"Privatg\u00e4rten"},"content":{"rendered":"\n<!-- NOTE: If you need to make changes to this file, copy it to your current theme's main\n\tdirectory so your changes won't be overwritten when the plugin is upgraded. -->\n\n<!-- Post Wrap Start-->\n<div class=\"post hentry ivycat-post\">\n\n\t<!-- \tThis outputs the post TITLE -->\n\t<h2 class=\"entry-title\"><a href=\"https:\/\/www.mediterrane-pflanzen.eu\/index.php\/2018\/06\/13\/garten-im-landhausstil-bremen\/\">Garten im Landhausstil, Bremen<\/a><\/h2>\n\n\t<!-- \tThis outputs the post EXCERPT.  To display full content including images and html,\n\t\treplace the_excerpt(); with the_content();  below. -->\n\t<div class=\"entry-summary\">\n\t\t<p>Dieser Garten im Landhausstil ist Teil eines Grundst\u00fcckes in Rautendorf bei Bremen. In diesem Projekt wurde die L\u00e4ndlichkeit der Umgebung und der Baustil des Hauses mit einem repr\u00e4sentativen Garten verbunden. Die Unterteilung in unterschiedliche Gartenr\u00e4ume erlaubt ein angenehmes und abwechslungsreiches Verweilen auf dem Grundst\u00fcck.<\/p>\n\t<\/div>\n\n\t<!--\tThis outputs the post META information -->\n\t<div class=\"entry-utility\">\n\t\t\t\t\t<span class=\"cat-links\">\n\t\t\t\t<span class=\"entry-utility-prep entry-utility-prep-cat-links\">Posted in<\/span> <a href=\"https:\/\/www.mediterrane-pflanzen.eu\/index.php\/category\/privatgaerten\/\" rel=\"category tag\">Privatg\u00e4rten<\/a>\t\t\t<\/span>\n\t\t\t<span class=\"meta-sep\">|<\/span>\n\t\t\t\t\t\t\t<span class=\"tag-links\">\n\t\t\t\t<span class=\"entry-utility-prep entry-utility-prep-tag-links\">Tagged<\/span> <a href=\"https:\/\/www.mediterrane-pflanzen.eu\/index.php\/tag\/privatgaerten\/\" rel=\"tag\">Privatg\u00e4rten<\/a>\t\t\t<\/span>\n\t\t\t<span class=\"meta-sep\">|<\/span>\n\t\t\t\t<span class=\"comments-link\">\n\t\t\t<a href=\"https:\/\/www.mediterrane-pflanzen.eu\/index.php\/2018\/06\/13\/garten-im-landhausstil-bremen\/#respond\">Leave a comment<\/a>\t\t<\/span>\n\t\t\t<\/div>\n<\/div>\n<!-- \/\/ Post Wrap End -->\n\n<!-- NOTE: If you need to make changes to this file, copy it to your current theme's main\n\tdirectory so your changes won't be overwritten when the plugin is upgraded. -->\n\n<!-- Post Wrap Start-->\n<div class=\"post hentry ivycat-post\">\n\n\t<!-- \tThis outputs the post TITLE -->\n\t<h2 class=\"entry-title\"><a href=\"https:\/\/www.mediterrane-pflanzen.eu\/index.php\/2018\/05\/25\/provence-garten-bremen\/\">Provence Garten, Bremen<\/a><\/h2>\n\n\t<!-- \tThis outputs the post EXCERPT.  To display full content including images and html,\n\t\treplace the_excerpt(); with the_content();  below. -->\n\t<div class=\"entry-summary\">\n\t\t\t<\/div>\n\n\t<!--\tThis outputs the post META information -->\n\t<div class=\"entry-utility\">\n\t\t\t\t\t<span class=\"cat-links\">\n\t\t\t\t<span class=\"entry-utility-prep entry-utility-prep-cat-links\">Posted in<\/span> <a href=\"https:\/\/www.mediterrane-pflanzen.eu\/index.php\/category\/privatgaerten\/\" rel=\"category tag\">Privatg\u00e4rten<\/a>\t\t\t<\/span>\n\t\t\t<span class=\"meta-sep\">|<\/span>\n\t\t\t\t\t\t\t<span class=\"tag-links\">\n\t\t\t\t<span class=\"entry-utility-prep entry-utility-prep-tag-links\">Tagged<\/span> <a href=\"https:\/\/www.mediterrane-pflanzen.eu\/index.php\/tag\/privatgaerten\/\" rel=\"tag\">Privatg\u00e4rten<\/a>\t\t\t<\/span>\n\t\t\t<span class=\"meta-sep\">|<\/span>\n\t\t\t\t<span class=\"comments-link\">\n\t\t\t<a href=\"https:\/\/www.mediterrane-pflanzen.eu\/index.php\/2018\/05\/25\/provence-garten-bremen\/#respond\">Leave a comment<\/a>\t\t<\/span>\n\t\t\t<\/div>\n<\/div>\n<!-- \/\/ Post Wrap End -->\n\n<!-- NOTE: If you need to make changes to this file, copy it to your current theme's main\n\tdirectory so your changes won't be overwritten when the plugin is upgraded. -->\n\n<!-- Post Wrap Start-->\n<div class=\"post hentry ivycat-post\">\n\n\t<!-- \tThis outputs the post TITLE -->\n\t<h2 class=\"entry-title\"><a href=\"https:\/\/www.mediterrane-pflanzen.eu\/index.php\/2018\/05\/25\/fernoestliche-gaerten\/\">Fern\u00f6stliche Privatg\u00e4rten, Bremen<\/a><\/h2>\n\n\t<!-- \tThis outputs the post EXCERPT.  To display full content including images and html,\n\t\treplace the_excerpt(); with the_content();  below. -->\n\t<div class=\"entry-summary\">\n\t\t<p>Fern\u00f6stlich Einfl\u00fcsse in deutschen G\u00e4rten? Warum nicht&#8230; Die meditative Grundstimmung sorgt f\u00fcr au\u00dfergew\u00f6hnliche Lebensr\u00e4ume im Gr\u00fcnen. Ob f\u00fcr private G\u00e4rten, oder in gastronomischen Au\u00dfenbereichen, wir kreieren individuelle L\u00f6sungen f\u00fcr jeden Geschmack.<\/p>\n\t<\/div>\n\n\t<!--\tThis outputs the post META information -->\n\t<div class=\"entry-utility\">\n\t\t\t\t\t<span class=\"cat-links\">\n\t\t\t\t<span class=\"entry-utility-prep entry-utility-prep-cat-links\">Posted in<\/span> <a href=\"https:\/\/www.mediterrane-pflanzen.eu\/index.php\/category\/privatgaerten\/\" rel=\"category tag\">Privatg\u00e4rten<\/a>\t\t\t<\/span>\n\t\t\t<span class=\"meta-sep\">|<\/span>\n\t\t\t\t\t\t\t<span class=\"tag-links\">\n\t\t\t\t<span class=\"entry-utility-prep entry-utility-prep-tag-links\">Tagged<\/span> <a href=\"https:\/\/www.mediterrane-pflanzen.eu\/index.php\/tag\/privatgaerten\/\" rel=\"tag\">Privatg\u00e4rten<\/a>\t\t\t<\/span>\n\t\t\t<span class=\"meta-sep\">|<\/span>\n\t\t\t\t<span class=\"comments-link\">\n\t\t\t<a href=\"https:\/\/www.mediterrane-pflanzen.eu\/index.php\/2018\/05\/25\/fernoestliche-gaerten\/#respond\">Leave a comment<\/a>\t\t<\/span>\n\t\t\t<\/div>\n<\/div>\n<!-- \/\/ Post Wrap End -->\n\n<!-- NOTE: If you need to make changes to this file, copy it to your current theme's main\n\tdirectory so your changes won't be overwritten when the plugin is upgraded. -->\n\n<!-- Post Wrap Start-->\n<div class=\"post hentry ivycat-post\">\n\n\t<!-- \tThis outputs the post TITLE -->\n\t<h2 class=\"entry-title\"><a href=\"https:\/\/www.mediterrane-pflanzen.eu\/index.php\/2018\/03\/13\/mediterraner-privatgarten-am-chiemsee\/\">Mediterraner Privatgarten am Chiemsee<\/a><\/h2>\n\n\t<!-- \tThis outputs the post EXCERPT.  To display full content including images and html,\n\t\treplace the_excerpt(); with the_content();  below. -->\n\t<div class=\"entry-summary\">\n\t\t\t<\/div>\n\n\t<!--\tThis outputs the post META information -->\n\t<div class=\"entry-utility\">\n\t\t\t\t\t<span class=\"cat-links\">\n\t\t\t\t<span class=\"entry-utility-prep entry-utility-prep-cat-links\">Posted in<\/span> <a href=\"https:\/\/www.mediterrane-pflanzen.eu\/index.php\/category\/privatgaerten\/\" rel=\"category tag\">Privatg\u00e4rten<\/a>\t\t\t<\/span>\n\t\t\t<span class=\"meta-sep\">|<\/span>\n\t\t\t\t\t\t\t<span class=\"tag-links\">\n\t\t\t\t<span class=\"entry-utility-prep entry-utility-prep-tag-links\">Tagged<\/span> <a href=\"https:\/\/www.mediterrane-pflanzen.eu\/index.php\/tag\/privatgaerten\/\" rel=\"tag\">Privatg\u00e4rten<\/a>\t\t\t<\/span>\n\t\t\t<span class=\"meta-sep\">|<\/span>\n\t\t\t\t<span class=\"comments-link\">\n\t\t\t<a href=\"https:\/\/www.mediterrane-pflanzen.eu\/index.php\/2018\/03\/13\/mediterraner-privatgarten-am-chiemsee\/#respond\">Leave a comment<\/a>\t\t<\/span>\n\t\t\t<\/div>\n<\/div>\n<!-- \/\/ Post Wrap End -->\n\n<!-- NOTE: If you need to make changes to this file, copy it to your current theme's main\n\tdirectory so your changes won't be overwritten when the plugin is upgraded. -->\n\n<!-- Post Wrap Start-->\n<div class=\"post hentry ivycat-post\">\n\n\t<!-- \tThis outputs the post TITLE -->\n\t<h2 class=\"entry-title\"><a href=\"https:\/\/www.mediterrane-pflanzen.eu\/index.php\/2018\/02\/13\/schloss-point-de-tiel-schweiz\/\">Schloss Point de Tiel, Schweiz<\/a><\/h2>\n\n\t<!-- \tThis outputs the post EXCERPT.  To display full content including images and html,\n\t\treplace the_excerpt(); with the_content();  below. -->\n\t<div class=\"entry-summary\">\n\t\t<p>Der Auftrag, welcher im Schloss Chateau Point de Tiel in der Schweiz, an Herrn Bolte gerichtet wurde, verfolgte das Ziel das vorhandene Schloss in eine neue Au\u00dfenanlage zu betten. Hierbei war es wichtig bei der Gestaltung die Richtlinien des Denkmalschutzes zu respektieren. Die liebevolle Detailarbeit und den Gedanken das Schloss zu seiner urspr\u00fcnglichen Pracht zur\u00fcckzuf\u00fchren, &hellip;<\/p>\n<p class=\"read-more\"> <a class=\"\" href=\"https:\/\/www.mediterrane-pflanzen.eu\/index.php\/2018\/02\/13\/schloss-point-de-tiel-schweiz\/\"> <span class=\"screen-reader-text\">Schloss Point de Tiel, Schweiz<\/span> Weiterlesen &raquo;<\/a><\/p>\n\t<\/div>\n\n\t<!--\tThis outputs the post META information -->\n\t<div class=\"entry-utility\">\n\t\t\t\t\t<span class=\"cat-links\">\n\t\t\t\t<span class=\"entry-utility-prep entry-utility-prep-cat-links\">Posted in<\/span> <a href=\"https:\/\/www.mediterrane-pflanzen.eu\/index.php\/category\/privatgaerten\/\" rel=\"category tag\">Privatg\u00e4rten<\/a>\t\t\t<\/span>\n\t\t\t<span class=\"meta-sep\">|<\/span>\n\t\t\t\t\t\t\t<span class=\"tag-links\">\n\t\t\t\t<span class=\"entry-utility-prep entry-utility-prep-tag-links\">Tagged<\/span> <a href=\"https:\/\/www.mediterrane-pflanzen.eu\/index.php\/tag\/privatgaerten\/\" rel=\"tag\">Privatg\u00e4rten<\/a>\t\t\t<\/span>\n\t\t\t<span class=\"meta-sep\">|<\/span>\n\t\t\t\t<span class=\"comments-link\">\n\t\t\t<a href=\"https:\/\/www.mediterrane-pflanzen.eu\/index.php\/2018\/02\/13\/schloss-point-de-tiel-schweiz\/#respond\">Leave a comment<\/a>\t\t<\/span>\n\t\t\t<\/div>\n<\/div>\n<!-- \/\/ Post Wrap End -->\n\n","protected":false},"excerpt":{"rendered":"","protected":false},"author":1,"featured_media":0,"parent":0,"menu_order":0,"comment_status":"closed","ping_status":"closed","template":"","meta":{"site-sidebar-layout":"default","site-content-layout":"default","ast-global-header-display":"","ast-main-header-display":"","ast-hfb-above-header-display":"","ast-hfb-below-header-display":"","ast-hfb-mobile-header-display":"","site-post-title":"","ast-breadcrumbs-content":"","ast-featured-img":"","footer-sml-layout":"","theme-transparent-header-meta":"","adv-header-id-meta":"","stick-header-meta":"","header-above-stick-meta":"","header-main-stick-meta":"","header-below-stick-meta":"","footnotes":""},"class_list":["post-138","page","type-page","status-publish","hentry"],"_links":{"self":[{"href":"https:\/\/www.mediterrane-pflanzen.eu\/index.php\/wp-json\/wp\/v2\/pages\/138","targetHints":{"allow":["GET"]}}],"collection":[{"href":"https:\/\/www.mediterrane-pflanzen.eu\/index.php\/wp-json\/wp\/v2\/pages"}],"about":[{"href":"https:\/\/www.mediterrane-pflanzen.eu\/index.php\/wp-json\/wp\/v2\/types\/page"}],"author":[{"embeddable":true,"href":"https:\/\/www.mediterrane-pflanzen.eu\/index.php\/wp-json\/wp\/v2\/users\/1"}],"replies":[{"embeddable":true,"href":"https:\/\/www.mediterrane-pflanzen.eu\/index.php\/wp-json\/wp\/v2\/comments?post=138"}],"version-history":[{"count":2,"href":"https:\/\/www.mediterrane-pflanzen.eu\/index.php\/wp-json\/wp\/v2\/pages\/138\/revisions"}],"predecessor-version":[{"id":229,"href":"https:\/\/www.mediterrane-pflanzen.eu\/index.php\/wp-json\/wp\/v2\/pages\/138\/revisions\/229"}],"wp:attachment":[{"href":"https:\/\/www.mediterrane-pflanzen.eu\/index.php\/wp-json\/wp\/v2\/media?parent=138"}],"curies":[{"name":"wp","href":"https:\/\/api.w.org\/{rel}","templated":true}]}}